{"id":49,"date":"2022-11-06T11:54:48","date_gmt":"2022-11-06T10:54:48","guid":{"rendered":"http:\/\/latelierdesrevesxmbois.fr\/?page_id=49"},"modified":"2023-03-12T20:42:25","modified_gmt":"2023-03-12T19:42:25","slug":"formulaire-de-contact","status":"publish","type":"page","link":"https:\/\/latelierdesrevesxmbois.fr\/index.php\/formulaire-de-contact\/","title":{"rendered":"Contact"},"content":{"rendered":"\n<p>Mail: <a href=\"mailto:latelierdesreves.xmb@gmail.com\">latelierdesreves.xmb@gmail.com<\/a><\/p>\n\n\n\n<p>T\u00e9l : 06.18.90.75.54<\/p>\n\n\n\n<p>07000 Privas, France<\/p>\n\n\n\n<div class=\"wp-block-contact-form-7-contact-form-selector\">\n<div class=\"wpcf7 no-js\" id=\"wpcf7-f106-o1\" lang=\"fr-FR\" dir=\"ltr\" data-wpcf7-id=\"106\">\n<div class=\"screen-reader-response\"><p role=\"status\" aria-live=\"polite\" aria-atomic=\"true\"><\/p> <ul><\/ul><\/div>\n<form action=\"\/index.php\/wp-json\/wp\/v2\/pages\/49#wpcf7-f106-o1\" method=\"post\" class=\"wpcf7-form init\" aria-label=\"Formulaire de contact\" novalidate=\"novalidate\" data-status=\"init\">\n<div style=\"display: none;\">\n<input type=\"hidden\" name=\"_wpcf7\" value=\"106\" \/>\n<input type=\"hidden\" name=\"_wpcf7_version\" value=\"6.0.6\" \/>\n<input type=\"hidden\" name=\"_wpcf7_locale\" value=\"fr_FR\" \/>\n<input type=\"hidden\" name=\"_wpcf7_unit_tag\" value=\"wpcf7-f106-o1\" \/>\n<input type=\"hidden\" name=\"_wpcf7_container_post\" value=\"0\" \/>\n<input type=\"hidden\" name=\"_wpcf7_posted_data_hash\" value=\"\" \/>\n<\/div>\n<p><label> Your name<br \/>\n<span class=\"wpcf7-form-control-wrap\" data-name=\"your-name\"><input size=\"40\" maxlength=\"400\" class=\"wpcf7-form-control wpcf7-text wpcf7-validates-as-required\" aria-required=\"true\" aria-invalid=\"false\" value=\"\" type=\"text\" name=\"your-name\" \/><\/span> <\/label>\n<\/p>\n<p><label> Your email<br \/>\n<span class=\"wpcf7-form-control-wrap\" data-name=\"your-email\"><input size=\"40\" maxlength=\"400\" class=\"wpcf7-form-control wpcf7-email wpcf7-validates-as-required wpcf7-text wpcf7-validates-as-email\" aria-required=\"true\" aria-invalid=\"false\" value=\"\" type=\"email\" name=\"your-email\" \/><\/span> <\/label>\n<\/p>\n<p><label> Subject<br \/>\n<span class=\"wpcf7-form-control-wrap\" data-name=\"your-subject\"><input size=\"40\" maxlength=\"400\" class=\"wpcf7-form-control wpcf7-text wpcf7-validates-as-required\" aria-required=\"true\" aria-invalid=\"false\" value=\"\" type=\"text\" name=\"your-subject\" \/><\/span> <\/label>\n<\/p>\n<p><label> Your message (optional)<br \/>\n<span class=\"wpcf7-form-control-wrap\" data-name=\"your-message\"><textarea cols=\"40\" rows=\"10\" maxlength=\"2000\" class=\"wpcf7-form-control wpcf7-textarea\" aria-invalid=\"false\" name=\"your-message\"><\/textarea><\/span> <\/label>\n<\/p>\n<p><input class=\"wpcf7-form-control wpcf7-submit has-spinner\" type=\"submit\" value=\"Submit\" \/>\n<\/p><div class=\"wpcf7-response-output\" aria-hidden=\"true\"><\/div>\n<\/form>\n<\/div>\n<\/div>\n","protected":false},"excerpt":{"rendered":"<p>Mail: latelierdesreves.xmb@gmail.com T\u00e9l : 06.18.90.75.54 07000 Privas, France<\/p>\n","protected":false},"author":1,"featured_media":0,"parent":0,"menu_order":7,"comment_status":"closed","ping_status":"closed","template":"","meta":{"footnotes":""},"class_list":["post-49","page","type-page","status-publish","hentry"],"yoast_head":"<!-- This site is optimized with the Yoast SEO plugin v25.0 - https:\/\/yoast.com\/wordpress\/plugins\/seo\/ -->\n<title>Contact - L&#039;atelier des r\u00eaves de XMBois<\/title>\n<meta name=\"description\" content=\"Eb\u00e9nisterie, tournage sur bois, objets divers en bois. Vous r\u00eavez d&#039;un article en bois, alors ne vous privez plus.\" \/>\n<meta name=\"robots\" content=\"index, follow, max-snippet:-1, max-image-preview:large, max-video-preview:-1\" \/>\n<link rel=\"canonical\" href=\"https:\/\/latelierdesrevesxmbois.fr\/index.php\/formulaire-de-contact\/\" \/>\n<meta property=\"og:locale\" content=\"fr_FR\" \/>\n<meta property=\"og:type\" content=\"article\" \/>\n<meta property=\"og:title\" content=\"Contact - L&#039;atelier des r\u00eaves de XMBois\" \/>\n<meta property=\"og:description\" content=\"Eb\u00e9nisterie, tournage sur bois, objets divers en bois. Vous r\u00eavez d&#039;un article en bois, alors ne vous privez plus.\" \/>\n<meta property=\"og:url\" content=\"https:\/\/latelierdesrevesxmbois.fr\/index.php\/formulaire-de-contact\/\" \/>\n<meta property=\"og:site_name\" content=\"L&#039;atelier des r\u00eaves de XMBois\" \/>\n<meta property=\"article:modified_time\" content=\"2023-03-12T19:42:25+00:00\" \/>\n<meta name=\"twitter:card\" content=\"summary_large_image\" \/>\n<meta name=\"twitter:label1\" content=\"Dur\u00e9e de lecture estim\u00e9e\" \/>\n\t<meta name=\"twitter:data1\" content=\"1 minute\" \/>\n<script type=\"application\/ld+json\" class=\"yoast-schema-graph\">{\"@context\":\"https:\/\/schema.org\",\"@graph\":[{\"@type\":\"WebPage\",\"@id\":\"https:\/\/latelierdesrevesxmbois.fr\/index.php\/formulaire-de-contact\/\",\"url\":\"https:\/\/latelierdesrevesxmbois.fr\/index.php\/formulaire-de-contact\/\",\"name\":\"Contact - L&#039;atelier des r\u00eaves de XMBois\",\"isPartOf\":{\"@id\":\"https:\/\/latelierdesrevesxmbois.fr\/#website\"},\"datePublished\":\"2022-11-06T10:54:48+00:00\",\"dateModified\":\"2023-03-12T19:42:25+00:00\",\"description\":\"Eb\u00e9nisterie, tournage sur bois, objets divers en bois. Vous r\u00eavez d'un article en bois, alors ne vous privez plus.\",\"breadcrumb\":{\"@id\":\"https:\/\/latelierdesrevesxmbois.fr\/index.php\/formulaire-de-contact\/#breadcrumb\"},\"inLanguage\":\"fr-FR\",\"potentialAction\":[{\"@type\":\"ReadAction\",\"target\":[\"https:\/\/latelierdesrevesxmbois.fr\/index.php\/formulaire-de-contact\/\"]}]},{\"@type\":\"BreadcrumbList\",\"@id\":\"https:\/\/latelierdesrevesxmbois.fr\/index.php\/formulaire-de-contact\/#breadcrumb\",\"itemListElement\":[{\"@type\":\"ListItem\",\"position\":1,\"name\":\"Accueil\",\"item\":\"https:\/\/latelierdesrevesxmbois.fr\/\"},{\"@type\":\"ListItem\",\"position\":2,\"name\":\"Contact\"}]},{\"@type\":\"WebSite\",\"@id\":\"https:\/\/latelierdesrevesxmbois.fr\/#website\",\"url\":\"https:\/\/latelierdesrevesxmbois.fr\/\",\"name\":\"L'atelier des r\u00eaves de XMBois\",\"description\":\"Le bois, bien plus qu&#039;une envie : une passion\",\"publisher\":{\"@id\":\"https:\/\/latelierdesrevesxmbois.fr\/#organization\"},\"potentialAction\":[{\"@type\":\"SearchAction\",\"target\":{\"@type\":\"EntryPoint\",\"urlTemplate\":\"https:\/\/latelierdesrevesxmbois.fr\/?s={search_term_string}\"},\"query-input\":{\"@type\":\"PropertyValueSpecification\",\"valueRequired\":true,\"valueName\":\"search_term_string\"}}],\"inLanguage\":\"fr-FR\"},{\"@type\":\"Organization\",\"@id\":\"https:\/\/latelierdesrevesxmbois.fr\/#organization\",\"name\":\"L'atelier des r\u00eaves de XMBois\",\"url\":\"https:\/\/latelierdesrevesxmbois.fr\/\",\"logo\":{\"@type\":\"ImageObject\",\"inLanguage\":\"fr-FR\",\"@id\":\"https:\/\/latelierdesrevesxmbois.fr\/#\/schema\/logo\/image\/\",\"url\":\"https:\/\/latelierdesrevesxmbois.fr\/wp-content\/uploads\/2022\/11\/cropped-L-atelier-des-reves1.png\",\"contentUrl\":\"https:\/\/latelierdesrevesxmbois.fr\/wp-content\/uploads\/2022\/11\/cropped-L-atelier-des-reves1.png\",\"width\":435,\"height\":187,\"caption\":\"L'atelier des r\u00eaves de XMBois\"},\"image\":{\"@id\":\"https:\/\/latelierdesrevesxmbois.fr\/#\/schema\/logo\/image\/\"}}]}<\/script>\n<!-- \/ Yoast SEO plugin. -->","yoast_head_json":{"title":"Contact - L&#039;atelier des r\u00eaves de XMBois","description":"Eb\u00e9nisterie, tournage sur bois, objets divers en bois. Vous r\u00eavez d'un article en bois, alors ne vous privez plus.","robots":{"index":"index","follow":"follow","max-snippet":"max-snippet:-1","max-image-preview":"max-image-preview:large","max-video-preview":"max-video-preview:-1"},"canonical":"https:\/\/latelierdesrevesxmbois.fr\/index.php\/formulaire-de-contact\/","og_locale":"fr_FR","og_type":"article","og_title":"Contact - L&#039;atelier des r\u00eaves de XMBois","og_description":"Eb\u00e9nisterie, tournage sur bois, objets divers en bois. Vous r\u00eavez d'un article en bois, alors ne vous privez plus.","og_url":"https:\/\/latelierdesrevesxmbois.fr\/index.php\/formulaire-de-contact\/","og_site_name":"L&#039;atelier des r\u00eaves de XMBois","article_modified_time":"2023-03-12T19:42:25+00:00","twitter_card":"summary_large_image","twitter_misc":{"Dur\u00e9e de lecture estim\u00e9e":"1 minute"},"schema":{"@context":"https:\/\/schema.org","@graph":[{"@type":"WebPage","@id":"https:\/\/latelierdesrevesxmbois.fr\/index.php\/formulaire-de-contact\/","url":"https:\/\/latelierdesrevesxmbois.fr\/index.php\/formulaire-de-contact\/","name":"Contact - L&#039;atelier des r\u00eaves de XMBois","isPartOf":{"@id":"https:\/\/latelierdesrevesxmbois.fr\/#website"},"datePublished":"2022-11-06T10:54:48+00:00","dateModified":"2023-03-12T19:42:25+00:00","description":"Eb\u00e9nisterie, tournage sur bois, objets divers en bois. Vous r\u00eavez d'un article en bois, alors ne vous privez plus.","breadcrumb":{"@id":"https:\/\/latelierdesrevesxmbois.fr\/index.php\/formulaire-de-contact\/#breadcrumb"},"inLanguage":"fr-FR","potentialAction":[{"@type":"ReadAction","target":["https:\/\/latelierdesrevesxmbois.fr\/index.php\/formulaire-de-contact\/"]}]},{"@type":"BreadcrumbList","@id":"https:\/\/latelierdesrevesxmbois.fr\/index.php\/formulaire-de-contact\/#breadcrumb","itemListElement":[{"@type":"ListItem","position":1,"name":"Accueil","item":"https:\/\/latelierdesrevesxmbois.fr\/"},{"@type":"ListItem","position":2,"name":"Contact"}]},{"@type":"WebSite","@id":"https:\/\/latelierdesrevesxmbois.fr\/#website","url":"https:\/\/latelierdesrevesxmbois.fr\/","name":"L'atelier des r\u00eaves de XMBois","description":"Le bois, bien plus qu&#039;une envie : une passion","publisher":{"@id":"https:\/\/latelierdesrevesxmbois.fr\/#organization"},"potentialAction":[{"@type":"SearchAction","target":{"@type":"EntryPoint","urlTemplate":"https:\/\/latelierdesrevesxmbois.fr\/?s={search_term_string}"},"query-input":{"@type":"PropertyValueSpecification","valueRequired":true,"valueName":"search_term_string"}}],"inLanguage":"fr-FR"},{"@type":"Organization","@id":"https:\/\/latelierdesrevesxmbois.fr\/#organization","name":"L'atelier des r\u00eaves de XMBois","url":"https:\/\/latelierdesrevesxmbois.fr\/","logo":{"@type":"ImageObject","inLanguage":"fr-FR","@id":"https:\/\/latelierdesrevesxmbois.fr\/#\/schema\/logo\/image\/","url":"https:\/\/latelierdesrevesxmbois.fr\/wp-content\/uploads\/2022\/11\/cropped-L-atelier-des-reves1.png","contentUrl":"https:\/\/latelierdesrevesxmbois.fr\/wp-content\/uploads\/2022\/11\/cropped-L-atelier-des-reves1.png","width":435,"height":187,"caption":"L'atelier des r\u00eaves de XMBois"},"image":{"@id":"https:\/\/latelierdesrevesxmbois.fr\/#\/schema\/logo\/image\/"}}]}},"_links":{"self":[{"href":"https:\/\/latelierdesrevesxmbois.fr\/index.php\/wp-json\/wp\/v2\/pages\/49","targetHints":{"allow":["GET"]}}],"collection":[{"href":"https:\/\/latelierdesrevesxmbois.fr\/index.php\/wp-json\/wp\/v2\/pages"}],"about":[{"href":"https:\/\/latelierdesrevesxmbois.fr\/index.php\/wp-json\/wp\/v2\/types\/page"}],"author":[{"embeddable":true,"href":"https:\/\/latelierdesrevesxmbois.fr\/index.php\/wp-json\/wp\/v2\/users\/1"}],"replies":[{"embeddable":true,"href":"https:\/\/latelierdesrevesxmbois.fr\/index.php\/wp-json\/wp\/v2\/comments?post=49"}],"version-history":[{"count":12,"href":"https:\/\/latelierdesrevesxmbois.fr\/index.php\/wp-json\/wp\/v2\/pages\/49\/revisions"}],"predecessor-version":[{"id":185,"href":"https:\/\/latelierdesrevesxmbois.fr\/index.php\/wp-json\/wp\/v2\/pages\/49\/revisions\/185"}],"wp:attachment":[{"href":"https:\/\/latelierdesrevesxmbois.fr\/index.php\/wp-json\/wp\/v2\/media?parent=49"}],"curies":[{"name":"wp","href":"https:\/\/api.w.org\/{rel}","templated":true}]}}